{"id":650,"date":"2024-08-21T20:32:23","date_gmt":"2024-08-21T20:32:23","guid":{"rendered":"https:\/\/fosmed.pl\/?page_id=650"},"modified":"2024-08-26T19:05:58","modified_gmt":"2024-08-26T19:05:58","slug":"szczepienia","status":"publish","type":"page","link":"https:\/\/fosmed.pl\/index.php\/szczepienia\/","title":{"rendered":"Szczepienia"},"content":{"rendered":"\n<figure class=\"wp-block-image size-full\"><img loading=\"lazy\" decoding=\"async\" width=\"2560\" height=\"1707\" src=\"https:\/\/fosmed.pl\/wp-content\/uploads\/2024\/08\/v3f-scaled.jpg\" alt=\"\" class=\"wp-image-784\" style=\"aspect-ratio:16\/9;object-fit:cover\" srcset=\"https:\/\/fosmed.pl\/wp-content\/uploads\/2024\/08\/v3f-scaled.jpg 2560w, https:\/\/fosmed.pl\/wp-content\/uploads\/2024\/08\/v3f-300x200.jpg 300w, https:\/\/fosmed.pl\/wp-content\/uploads\/2024\/08\/v3f-1024x683.jpg 1024w, https:\/\/fosmed.pl\/wp-content\/uploads\/2024\/08\/v3f-768x512.jpg 768w, https:\/\/fosmed.pl\/wp-content\/uploads\/2024\/08\/v3f-1536x1024.jpg 1536w, https:\/\/fosmed.pl\/wp-content\/uploads\/2024\/08\/v3f-2048x1365.jpg 2048w\" sizes=\"auto, (max-width: 2560px) 100vw, 2560px\" \/><\/figure>\n\n\n<style>.kb-row-layout-id650_f120e2-f9 > .kt-row-column-wrap{align-content:start;}:where(.kb-row-layout-id650_f120e2-f9 > .kt-row-column-wrap) > .wp-block-kadence-column{justify-content:start;}.kb-row-layout-id650_f120e2-f9 > .kt-row-column-wrap{column-gap:var(--global-kb-gap-md, 2rem);row-gap:var(--global-kb-gap-md, 2rem);max-width:1200px;margin-left:auto;margin-right:auto;padding-top:var(--global-kb-spacing-xs, 1rem);padding-bottom:var(--global-kb-spacing-md, 2rem);grid-template-columns:minmax(0, 1fr);}.kb-row-layout-id650_f120e2-f9{background-color:var(--global-palette9, #ffffff);}.kb-row-layout-id650_f120e2-f9 > .kt-row-layout-overlay{opacity:0.30;}@media all and (max-width: 1024px){.kb-row-layout-id650_f120e2-f9 > .kt-row-column-wrap{grid-template-columns:minmax(0, 1fr);}}@media all and (max-width: 767px){.kb-row-layout-id650_f120e2-f9 > .kt-row-column-wrap{grid-template-columns:minmax(0, 1fr);}}<\/style><div class=\"kb-row-layout-wrap kb-row-layout-id650_f120e2-f9 alignfull has-theme-palette9-background-color kt-row-has-bg wp-block-kadence-rowlayout\"><div class=\"kt-row-column-wrap kt-has-1-columns kt-row-layout-equal kt-tab-layout-inherit kt-mobile-layout-row kt-row-valign-top\">\n<style>.kadence-column650_a5628d-f0 > .kt-inside-inner-col,.kadence-column650_a5628d-f0 > .kt-inside-inner-col:before{border-top-left-radius:0px;border-top-right-radius:0px;border-bottom-right-radius:0px;border-bottom-left-radius:0px;}.kadence-column650_a5628d-f0 > .kt-inside-inner-col{column-gap:var(--global-kb-gap-sm, 1rem);}.kadence-column650_a5628d-f0 > .kt-inside-inner-col{flex-direction:column;}.kadence-column650_a5628d-f0 > .kt-inside-inner-col > .aligncenter{width:100%;}.kadence-column650_a5628d-f0 > .kt-inside-inner-col:before{opacity:0.3;}.kadence-column650_a5628d-f0{position:relative;}@media all and (max-width: 1024px){.kadence-column650_a5628d-f0 > .kt-inside-inner-col{flex-direction:column;justify-content:center;}}@media all and (max-width: 767px){.kadence-column650_a5628d-f0 > .kt-inside-inner-col{flex-direction:column;justify-content:center;}}<\/style>\n<div class=\"wp-block-kadence-column kadence-column650_a5628d-f0\"><div class=\"kt-inside-inner-col\">\n<h2 id=\"gspb_heading-id-gsbp-b3d639e\" class=\"gspb_heading gspb_heading-id-gsbp-b3d639e \"><strong>Kalendarz szczepie\u0144 na rok 2024<\/strong><\/h2>\n\n\n\n<div id=\"gspb_text-id-gsbp-de6455a\" class=\"gspb_text gspb_text-id-gsbp-de6455a \">Kalendarz zosta\u0142 przygotowany przez Narodowy Instytut Zdrowia Publicznego \u2013 PZH i przedstawia wiek podania poszczeg\u00f3lnych dawek szczepionek obowi\u0105zkowych, dost\u0119pnych nieodp\u0142atnie dla ka\u017cdego dziecka w Polsce, refundowanych przez Ministerstwo Zdrowia oraz szczepionek zalecanych, odp\u0142atnych.<br>Szczeg\u00f3\u0142owe informacje dotycz\u0105ce Programu Szczepie\u0144 Ochronnych w zakresie szczepie\u0144 obowi\u0105zkowych i zalecanych:<br>          <a href=\"https:\/\/dziennikmz.mz.gov.pl\/DUM_MZ\/2023\/100\/oryginal\/akt.pdf\">Komunikat G\u0142\u00f3wnego Inspektora Sanitarnego<\/a>\u00a0w sprawie Programu Szczepie\u0144 Ochronnych na 2024.<br>          <a href=\"https:\/\/dziennikmz.mz.gov.pl\/DUM_MZ\/2023\/16\/akt.pdf\">Obwieszczenie Ministra Zdrowia z dnia 23 lutego 2023 r.<\/a>\u00a0w sprawie wykazu zalecanych szczepie\u0144 ochronnych, dla kt\u00f3rych zakup szczepionek zosta\u0142 obj\u0119ty             finansowaniem.<br><\/div>\n<\/div><\/div>\n\n<\/div><\/div>\n\n<style>.wp-block-kadence-column.kb-section-dir-horizontal > .kt-inside-inner-col > .kt-info-box650_bc25be-c0 .kt-blocks-info-box-link-wrap{max-width:unset;}.kt-info-box650_bc25be-c0 .kt-blocks-info-box-link-wrap{border-top:1px solid var(--theme-palette-color-1, #3a5da5);border-right:1px solid var(--theme-palette-color-1, #3a5da5);border-bottom:1px solid var(--theme-palette-color-1, #3a5da5);border-left:1px solid var(--theme-palette-color-1, #3a5da5);border-top-left-radius:5px;border-top-right-radius:5px;border-bottom-right-radius:5px;border-bottom-left-radius:5px;padding-top:var(--global-kb-spacing-xs, 1rem);padding-right:var(--global-kb-spacing-xs, 1rem);padding-bottom:var(--global-kb-spacing-xs, 1rem);padding-left:var(--global-kb-spacing-xs, 1rem);}.kt-info-box650_bc25be-c0 .kadence-info-box-icon-container .kt-info-svg-icon, .kt-info-box650_bc25be-c0 .kt-info-svg-icon-flip, .kt-info-box650_bc25be-c0 .kt-blocks-info-box-number{font-size:50px;}.kt-info-box650_bc25be-c0 .kt-blocks-info-box-media{color:var(--theme-palette-color-1, #3a5da5);background:transparent;border-top-width:0px;border-right-width:0px;border-bottom-width:0px;border-left-width:0px;padding-top:10px;padding-right:10px;padding-bottom:10px;padding-left:10px;}.kt-info-box650_bc25be-c0 .kt-blocks-info-box-media-container{margin-top:0px;margin-right:15px;margin-bottom:0px;margin-left:15px;}.kt-info-box650_bc25be-c0 .kt-blocks-info-box-link-wrap .kt-blocks-info-box-media{border-width:0px;box-shadow:inset 0 0 0 0px #444444;}.kt-info-box650_bc25be-c0 .kt-blocks-info-box-link-wrap .kt-blocks-info-box-media:before{border-width:0px;}.kt-info-box650_bc25be-c0 .kt-blocks-info-box-link-wrap:hover .kt-blocks-info-box-media:after{border-right-color:#444444;border-right-width:0px;border-top-width:0px;border-bottom-width:0px;}.kt-info-box650_bc25be-c0 .kt-blocks-info-box-link-wrap:hover .kt-blocks-info-box-media:before{border-top-color:#444444;border-right-color:#444444;border-bottom-color:#444444;}.wp-block-kadence-infobox.kt-info-box650_bc25be-c0 .kt-blocks-info-box-text{font-size:var(--global-kb-font-size-lg, 2rem);}.kt-info-box650_bc25be-c0 .kt-blocks-info-box-learnmore{background:transparent;border-width:0px 0px 0px 0px;padding-top:4px;padding-right:8px;padding-bottom:4px;padding-left:8px;margin-top:10px;margin-right:0px;margin-bottom:10px;margin-left:0px;}.kt-info-box650_bc25be-c0 .kt-blocks-info-box-link-wrap{box-shadow:0px 0px 0px 0px rgba(0, 0, 0, 0);}.kt-info-box650_bc25be-c0 .kt-blocks-info-box-link-wrap:hover{box-shadow:0px 0px 14px 0px rgba(0, 0, 0, 0.2);}@media all and (max-width: 1024px){.kt-info-box650_bc25be-c0 .kt-blocks-info-box-link-wrap{border-top:1px solid var(--theme-palette-color-1, #3a5da5);border-right:1px solid var(--theme-palette-color-1, #3a5da5);border-bottom:1px solid var(--theme-palette-color-1, #3a5da5);border-left:1px solid var(--theme-palette-color-1, #3a5da5);box-shadow:0px 0px 0px 0px rgba(0, 0, 0, 0);}}@media all and (max-width: 1024px){.kt-info-box650_bc25be-c0 .kt-blocks-info-box-link-wrap:hover{box-shadow:0px 0px 14px 0px rgba(0, 0, 0, 0.2);}}@media all and (max-width: 767px){.kt-info-box650_bc25be-c0 .kt-blocks-info-box-link-wrap{border-top:1px solid var(--theme-palette-color-1, #3a5da5);border-right:1px solid var(--theme-palette-color-1, #3a5da5);border-bottom:1px solid var(--theme-palette-color-1, #3a5da5);border-left:1px solid var(--theme-palette-color-1, #3a5da5);box-shadow:0px 0px 0px 0px rgba(0, 0, 0, 0);}.kt-info-box650_bc25be-c0 .kt-blocks-info-box-link-wrap:hover{box-shadow:0px 0px 14px 0px rgba(0, 0, 0, 0.2);}}<\/style>\n<div class=\"wp-block-kadence-infobox kt-info-box650_bc25be-c0\"><span class=\"kt-blocks-info-box-link-wrap info-box-link kt-blocks-info-box-media-align-top kt-info-halign-center\"><div class=\"kt-blocks-info-box-media-container\"><div class=\"kt-blocks-info-box-media kt-info-media-animate-drawborder\"><div class=\"kadence-info-box-icon-container kt-info-icon-animate-drawborder\"><div class=\"kadence-info-box-icon-inner-container\"><span class=\"kb-svg-icon-wrap kb-svg-icon-fe_alertCircle kt-info-svg-icon\"><svg viewBox=\"0 0 24 24\"  fill=\"none\" stroke=\"currentColor\" stroke-width=\"2\" stroke-linecap=\"round\" stroke-linejoin=\"round\" xmlns=\"http:\/\/www.w3.org\/2000\/svg\"  aria-hidden=\"true\"><circle cx=\"12\" cy=\"12\" r=\"10\"\/><line x1=\"12\" y1=\"8\" x2=\"12\" y2=\"12\"\/><line x1=\"12\" y1=\"16\" x2=\"12\" y2=\"16\"\/><\/svg><\/span><\/div><\/div><\/div><\/div><div class=\"kt-infobox-textcontent\"><h2 class=\"kt-blocks-info-box-title\">Baza wiedzy o szczepieniach znajduje si\u0119 pod adresem:<\/h2><p class=\"kt-blocks-info-box-text\"><a href=\"https:\/\/szczepienia.pzh.gov.pl\/wszystko-o-szczepieniach\/\">szczepienia.pzh.gov.pl\/wszystko-o-szczepieniach<\/a><\/p><\/div><\/span><\/div>\n\n\n\n<hr class=\"wp-block-separator has-alpha-channel-opacity is-style-wide\"\/>\n\n\n<style>.kadence-column650_22ddac-48 > .kt-inside-inner-col,.kadence-column650_22ddac-48 > .kt-inside-inner-col:before{border-top-left-radius:0px;border-top-right-radius:0px;border-bottom-right-radius:0px;border-bottom-left-radius:0px;}.kadence-column650_22ddac-48 > .kt-inside-inner-col{column-gap:var(--global-kb-gap-sm, 1rem);}.kadence-column650_22ddac-48 > .kt-inside-inner-col{flex-direction:column;}.kadence-column650_22ddac-48 > .kt-inside-inner-col > .aligncenter{width:100%;}.kadence-column650_22ddac-48 > .kt-inside-inner-col:before{opacity:0.3;}.kadence-column650_22ddac-48{position:relative;}@media all and (max-width: 1024px){.kadence-column650_22ddac-48 > .kt-inside-inner-col{flex-direction:column;justify-content:center;}}@media all and (max-width: 767px){.kadence-column650_22ddac-48 > .kt-inside-inner-col{flex-direction:column;justify-content:center;}}<\/style>\n<div class=\"wp-block-kadence-column kadence-column650_22ddac-48\"><div class=\"kt-inside-inner-col\">\n<div class=\"wp-block-greenshift-blocks-image gspb_image gspb_image-id-gsbp-43359fd\" id=\"gspb_image-id-gsbp-43359fd\"><img decoding=\"async\" src=\"https:\/\/fosmed.pl\/wp-content\/uploads\/2024\/08\/Kalendarz-szczepien.png\" data-src=\"\" alt=\"\" loading=\"lazy\" width=\"1200\" height=\"954\"\/><\/div>\n\n\n\n<hr class=\"wp-block-separator has-alpha-channel-opacity is-style-wide\"\/>\n<\/div><\/div>\n\n\n<style>.kb-row-layout-id650_41a04c-af > .kt-row-column-wrap{align-content:start;}:where(.kb-row-layout-id650_41a04c-af > .kt-row-column-wrap) > .wp-block-kadence-column{justify-content:start;}.kb-row-layout-id650_41a04c-af > .kt-row-column-wrap{column-gap:var(--global-kb-gap-md, 2rem);row-gap:var(--global-kb-gap-md, 2rem);padding-top:var(--global-kb-spacing-sm, 1.5rem);padding-bottom:var(--global-kb-spacing-sm, 1.5rem);grid-template-columns:minmax(0, 1fr);}.kb-row-layout-id650_41a04c-af > .kt-row-layout-overlay{opacity:0.30;}@media all and (max-width: 1024px){.kb-row-layout-id650_41a04c-af > .kt-row-column-wrap{grid-template-columns:minmax(0, 1fr);}}@media all and (max-width: 767px){.kb-row-layout-id650_41a04c-af > .kt-row-column-wrap{grid-template-columns:minmax(0, 1fr);}}<\/style><div class=\"kb-row-layout-wrap kb-row-layout-id650_41a04c-af alignnone has-palette-color-6-background-color kt-row-has-bg wp-block-kadence-rowlayout\"><div class=\"kt-row-column-wrap kt-has-1-columns kt-row-layout-equal kt-tab-layout-inherit kt-mobile-layout-row kt-row-valign-top\">\n<style>.kadence-column650_a13d98-6f > .kt-inside-inner-col,.kadence-column650_a13d98-6f > .kt-inside-inner-col:before{border-top-left-radius:0px;border-top-right-radius:0px;border-bottom-right-radius:0px;border-bottom-left-radius:0px;}.kadence-column650_a13d98-6f > .kt-inside-inner-col{column-gap:var(--global-kb-gap-sm, 1rem);}.kadence-column650_a13d98-6f > .kt-inside-inner-col{flex-direction:column;}.kadence-column650_a13d98-6f > .kt-inside-inner-col > .aligncenter{width:100%;}.kadence-column650_a13d98-6f > .kt-inside-inner-col:before{opacity:0.3;}.kadence-column650_a13d98-6f{position:relative;}@media all and (max-width: 1024px){.kadence-column650_a13d98-6f > .kt-inside-inner-col{flex-direction:column;justify-content:center;}}@media all and (max-width: 767px){.kadence-column650_a13d98-6f > .kt-inside-inner-col{flex-direction:column;justify-content:center;}}<\/style>\n<div class=\"wp-block-kadence-column kadence-column650_a13d98-6f\"><div class=\"kt-inside-inner-col\">\n<h2 id=\"gspb_heading-id-gsbp-202217c\" class=\"gspb_heading gspb_heading-id-gsbp-202217c \">List Ministra Zdrowia do rodzic\u00f3w<\/h2>\n\n\n\n<div class=\"wp-block-file\"><a id=\"wp-block-file--media-05f505f0-76cb-4d25-89a0-57f0858d1e93\" href=\"https:\/\/fosmed.pl\/wp-content\/uploads\/2024\/08\/list-ministra-zdrowia-do-rodzicow-szczepienia-1.pdf\" target=\"_blank\" rel=\"noreferrer noopener\">list-ministra-zdrowia-do-rodzicow-szczepienia (1)<\/a><a href=\"https:\/\/fosmed.pl\/wp-content\/uploads\/2024\/08\/list-ministra-zdrowia-do-rodzicow-szczepienia-1.pdf\" class=\"wp-block-file__button wp-element-button\" download aria-describedby=\"wp-block-file--media-05f505f0-76cb-4d25-89a0-57f0858d1e93\">Pobierz<\/a><\/div>\n<\/div><\/div>\n\n<\/div><\/div>","protected":false},"excerpt":{"rendered":"","protected":false},"author":3,"featured_media":0,"parent":0,"menu_order":0,"comment_status":"closed","ping_status":"closed","template":"","meta":{"_gspb_post_css":".gspb_text-id-gsbp-de6455a{margin-right:auto;margin-left:auto}#gspb_image-id-gsbp-43359fd{text-align:center;margin-top:54px;margin-bottom:86px}#gspb_image-id-gsbp-43359fd img{vertical-align:top;display:inline-block;box-sizing:border-box;max-width:100%;height:auto}","footnotes":""},"class_list":["post-650","page","type-page","status-publish","hentry"],"blocksy_meta":[],"_links":{"self":[{"href":"https:\/\/fosmed.pl\/index.php\/wp-json\/wp\/v2\/pages\/650","targetHints":{"allow":["GET"]}}],"collection":[{"href":"https:\/\/fosmed.pl\/index.php\/wp-json\/wp\/v2\/pages"}],"about":[{"href":"https:\/\/fosmed.pl\/index.php\/wp-json\/wp\/v2\/types\/page"}],"author":[{"embeddable":true,"href":"https:\/\/fosmed.pl\/index.php\/wp-json\/wp\/v2\/users\/3"}],"replies":[{"embeddable":true,"href":"https:\/\/fosmed.pl\/index.php\/wp-json\/wp\/v2\/comments?post=650"}],"version-history":[{"count":18,"href":"https:\/\/fosmed.pl\/index.php\/wp-json\/wp\/v2\/pages\/650\/revisions"}],"predecessor-version":[{"id":821,"href":"https:\/\/fosmed.pl\/index.php\/wp-json\/wp\/v2\/pages\/650\/revisions\/821"}],"wp:attachment":[{"href":"https:\/\/fosmed.pl\/index.php\/wp-json\/wp\/v2\/media?parent=650"}],"curies":[{"name":"wp","href":"https:\/\/api.w.org\/{rel}","templated":true}]}}